 highest common divisor of 36 and 22.
2
Calculate the highest common divisor of 49 and 84.
7
Calculate the highest common divisor of 10 and 2500.
10
What is the highest common factor of 63 and 168?
21
What is the greatest common divisor of 63 and 77?
7
What is the highest common factor of 111 and 148?
37
What is the greatest common divisor of 260 and 364?
52
What is the highest common factor of 585 and 4875?
195
What is the highest common divisor of 270 and 140?
10
Calculate the highest common factor of 6 and 14.
2
Calculate the greatest common divisor of 164 and 188.
4
Calculate the greatest common factor of 105 and 80.
5
Calculate the highest common divisor of 1441 and 55.
11
What is the highest common factor of 1 and 13?
1
What is the highest common factor of 891 and 77?
11
Calculate the highest common divisor of 732 and 216.
12
What is the greatest common divisor of 143 and 377?
13
Calculate the greatest common divisor of 102 and 1785.
51
What is the greatest common factor of 2424 and 96?
24
Calculate the highest common divisor of 1127 and 49.
49
What is the greatest common divisor of 1075 and 43?
43
Calculate the greatest common divisor of 10240 and 560.
80
Calculate the highest common divisor of 1475 and 15.
5
Calculate the highest common divisor of 215 and 10.
5
What is the highest common divisor of 171 and 532?
19
Calculate the greatest common divisor of 10 and 80.
10
Calculate the highest common divisor of 188 and 2350.
94
What is the greatest common factor of 2071 and 19?
19
What is the highest common factor of 55 and 110?
55
What is the greatest common divisor of 38133 and 171?
171
Calculate the greatest common divisor of 210 and 90.
30
Calculate the greatest common divisor of 110 and 165.
55
What is the greatest common divisor of 5 and 390?
5
Calculate the highest common factor of 17883 and 18.
9
Calculate the highest common divisor of 616 and 56.
56
Calculate the greatest common factor of 7 and 529.
1
Calculate the highest common factor of 53 and 212.
53
What is the highest common divisor of 393 and 2227?
131
Calculate the highest common divisor of 1035 and 45.
45
What is the greatest common factor of 86 and 43?
43
What is the highest common divisor of 443 and 1?
1
Calculate the highest common factor of 171 and 133.
19
What is the highest common divisor of 20 and 1576?
4
What is the highest common divisor of 667 and 87?
29
Calculate the highest common factor of 104 and 16.
8
Calculate the greatest common divisor of 11951 and 323.
323
Calculate the greatest common divisor of 717 and 21271.
239
Calculate the highest common divisor of 3675 and 294.
147
Calculate the highest common divisor of 368 and 1150.
46
What is the greatest common factor of 42 and 12?
6
Calculate the highest common divisor of 94 and 4747.
47
Calculate the greatest common factor of 111 and 37.
37
Calculate the highest common factor of 390 and 150.
30
What is the greatest common factor of 117 and 144?
9
Calculate the greatest common factor of 960 and 544.
32
What is the highest common factor of 107 and 1?
1
Calculate the highest common factor of 24 and 10296.
24
Calculate the highest common factor of 216 and 2862.
54
What is the greatest common divisor of 6 and 3246?
6
What is the highest common divisor of 87 and 14210?
29
Calculate the highest common factor of 18 and 626.
2
What is the greatest common factor of 129 and 8987?
43
Calculate the highest common divisor of 4 and 23.
1
Calculate the highest common factor of 36 and 747.
9
What is the highest common divisor of 124 and 88908?
124
What is the greatest common divisor of 5123 and 47?
47
Calculate the greatest common factor of 62 and 155.
31
Calculate the highest common factor of 48 and 528.
48
What is the greatest common divisor of 98593 and 11?
11
What is the highest common factor of 1475 and 50?
25
What is the highest common divisor of 106 and 8?
2
Calculate the highest common factor of 1770 and 60.
30
Calculate the highest common divisor of 1517 and 111.
37
Calculate the highest common factor of 494 and 114.
38
Calculate the highest common factor of 81 and 459.
27
Calculate the greatest common factor of 2 and 3.
1
Calculate the highest common divisor of 407 and 198.
11
What is the greatest common factor of 32 and 8?
8
Calculate the greatest common factor of 648 and 432.
216
Calculate the highest common factor of 1 and 83.
1
What is the highest common divisor of 42 and 7707?
21
Calculate the greatest common divisor of 70 and 3514.
14
Calculate the greatest common divisor of 1927 and 82.
41
Calculate the greatest common factor of 6 and 57.
3
What is the greatest common divisor of 12 and 30?
6
What is the highest common factor of 306 and 476?
34
What is the greatest common divisor of 31 and 5239?
31
What is the greatest common divisor of 297 and 1881?
99
Calculate the highest common divisor of 209 and 589.
19
What is the highest common divisor of 884 and 208?
52
What is the greatest common divisor of 629 and 34?
17
What is the greatest common divisor of 198 and 1155?
33
Calculate the highest common factor of 87 and 29.
29
Calculate the greatest common divisor of 38 and 4.
2
What is the highest common divisor of 18707 and 13?
13
Calculate the highest common divisor of 2604 and 924.
84
What is the highest common divisor of 1815 and 935?
55
Calculate the greatest common divisor of 106 and 1007.
53
Calculate the greatest common divisor of 1788 and 24.
12
Calculate the highest common factor of 81 and 3.
3
Calculate the highest common divisor of 2278 and 34.
34
What is the greatest common factor of 2072 and 1295?
259
What is the highest common divisor of 1748 and 1862?
38
What is the greatest common factor of 100 and 80?
20
Calculate the greatest common factor of 2124 and 120.
12
Calculate the greatest common divisor of 294 and 84.
42
What is the highest common divisor of 448 and 7?
7
What is the greatest common divisor of 80 and 32?
16
Calculate the highest common divisor of 1843 and 97.
97
What is the greatest common factor of 1053 and 234?
117
What is the highest common divisor of 13 and 117?
13
What is the greatest common factor of 185 and 296?
37
What is the highest common divisor of 1311 and 38?
19
Calculate the greatest common divisor of 192 and 4248.
24
Calculate the greatest common divisor of 105 and 120.
15
What is the highest common divisor of 21 and 35?
7
What is the highest common factor of 1833 and 282?
141
Calculate the greatest common divisor of 110214 and 13.
13
What is the highest common factor of 891 and 121?
11
What is the highest common factor of 1519 and 98?
49
What is the greatest common divisor of 13 and 221?
13
Calculate the greatest common divisor of 381 and 254.
127
What is the greatest common factor of 495 and 1210?
55
What is the highest common factor of 34 and 782?
34
What is the highest common divisor of 35 and 1057?
7
What is the highest common divisor of 723 and 33017?
241
Calculate the greatest common divisor of 400 and 260.
20
What is the highest common factor of 668 and 1503?
167
What is the greatest common factor of 49 and 147?
49
Calculate the greatest common factor of 664 and 8.
8
What is the greatest common factor of 82 and 82?
82
What is the highest common factor of 60 and 168?
12
Calculate the highest common factor of 402 and 469.
67
What is the greatest common divisor of 112 and 144?
16
Calculate the greatest common factor of 348 and 18.
6
What is the highest common divisor of 9 and 603?
9
Calculate the highest common factor of 2905 and 166.
83
What is the highest common divisor of 69 and 12?
3
Calculate the highest common factor of 24 and 4144.
8
Calculate the highest common factor of 1456 and 128.
16
Calculate the greatest common divisor of 25 and 1985.
5
Calculate the greatest common factor of 5170 and 110.
110
What is the greatest common divisor of 244 and 8?
4
What is the highest common factor of 202 and 6?
2
What is the highest common divisor of 2114 and 42?
14
What is the greatest common factor of 26 and 26?
26
Calculate the highest common factor of 195 and 15.
15
What is the greatest common factor of 1804 and 82?
82
Calculate the greatest common factor of 45 and 27.
9
What is the greatest common factor of 3 and 4647?
3
Calculate the greatest common factor of 1